{"id":401,"date":"2017-07-14T18:37:19","date_gmt":"2017-07-14T18:37:19","guid":{"rendered":"http:\/\/cidae.mx\/?page_id=401"},"modified":"2017-08-31T20:52:41","modified_gmt":"2017-08-31T20:52:41","slug":"afiliacion","status":"publish","type":"page","link":"https:\/\/cidae.mx\/?page_id=401","title":{"rendered":"AFILIACION"},"content":{"rendered":"<div class=\"mp-row-fluid motopress-row mpce-dsbl-margin-left mpce-dsbl-margin-right\">\n<div class=\"motopress-clmn mp-span12  mpce-dsbl-margin-left mpce-dsbl-margin-right\">\n<div class=\"motopress-image-obj motopress-text-align-left\"><img src=\"https:\/\/cidae.mx\/wp-content\/uploads\/2017\/08\/banner_quienes-1.jpg\" title=\"banner_quienes\" alt=\"banner_quienes\" class=\"motopress-image-obj-basic mpce-dsbl-margin-left mpce-dsbl-margin-right mpce-dsbl-margin-top mpce-dsbl-margin-bottom\" \/><\/div>\n<\/div>\n<\/div>\n<div class=\"mp-row-fluid motopress-row mpce-dsbl-margin-left mpce-dsbl-margin-right\">\n<div class=\"motopress-clmn mp-span12  mpce-dsbl-margin-left mpce-dsbl-margin-right  motopress-space\">\n<div class=\"motopress-space-obj mpce-dsbl-background-image-type mpce-dsbl-background-image mpce-dsbl-background-gradient mpce-dsbl-background-position mpce-dsbl-background-position-x mpce-dsbl-background-position-y mpce-dsbl-background-repeat mpce-dsbl-background-size mpce-dsbl-background-attachment mpce-dsbl-margin-left mpce-dsbl-margin-right mpce-dsbl-background-color mpce-dsbl-border-top-width mpce-dsbl-border-bottom-width mpce-dsbl-border-left-width mpce-dsbl-border-right-width mpce-dsbl-border-top-left-radius mpce-dsbl-border-top-right-radius mpce-dsbl-border-bottom-left-radius mpce-dsbl-border-bottom-right-radius mpce-dsbl-border-style mpce-dsbl-border-color mpce-dsbl-padding-left mpce-dsbl-padding-right mpce-dsbl-margin-top mpce-dsbl-margin-bottom mpce-dsbl-color\"  data-min-height=\"0\"><div><\/div><\/div>\n<\/div>\n<\/div>\n<div class=\"mp-row-fluid motopress-row mpce-dsbl-margin-left mpce-dsbl-margin-right\">\n<div class=\"motopress-clmn mp-span12  mpce-dsbl-margin-left mpce-dsbl-margin-right\">\n<ul>\n<li>\n<h3 style=\"text-align: justify;\"><strong>\u200b\u200b<\/strong>C\u00e9dula Profesional en cualquier \u00e1rea del conocimiento.<\/h3>\n<\/li>\n<li style=\"text-align: justify;\">\n<h3>Presentar por escrito solicitud de afiliaci\u00f3n al colegio.<\/h3>\n<\/li>\n<li style=\"text-align: justify;\">\n<h3>Presentar un art\u00edculo relacionado con la comisi\u00f3n o \u00e1rea del conocimiento a la que aspira incorporarse, con una extensi\u00f3n no mayor a dos cuartillas.<\/h3>\n<\/li>\n<li style=\"text-align: justify;\">\n<h3>Presentar curriculum v\u00edtae con soporte documental.<\/h3>\n<\/li>\n<li>\n<h3 style=\"text-align: justify;\">Cubrir el donativo de ingreso al colegio.<\/h3>\n<\/li>\n<\/ul>\n<\/div>\n<\/div>\n","protected":false},"excerpt":{"rendered":"\u200b\u200bC\u00e9dula Profesional en cualquier \u00e1rea del conocimiento. Presentar por escrito solicitud de&hellip;<div class=\"link-more\"><a href=\"https:\/\/cidae.mx\/?page_id=401\" class=\"more-link\">Continue reading<span class=\"screen-reader-text\"> &ldquo;AFILIACION&rdquo;<\/span>&hellip;<\/a><\/div>","protected":false},"author":2,"featured_media":0,"parent":0,"menu_order":10,"comment_status":"closed","ping_status":"closed","template":"page-template\/_fullwidth.php","meta":[],"_links":{"self":[{"href":"https:\/\/cidae.mx\/index.php?rest_route=\/wp\/v2\/pages\/401"}],"collection":[{"href":"https:\/\/cidae.mx\/index.php?rest_route=\/wp\/v2\/pages"}],"about":[{"href":"https:\/\/cidae.mx\/index.php?rest_route=\/wp\/v2\/types\/page"}],"author":[{"embeddable":true,"href":"https:\/\/cidae.mx\/index.php?rest_route=\/wp\/v2\/users\/2"}],"replies":[{"embeddable":true,"href":"https:\/\/cidae.mx\/index.php?rest_route=%2Fwp%2Fv2%2Fcomments&post=401"}],"version-history":[{"count":0,"href":"https:\/\/cidae.mx\/index.php?rest_route=\/wp\/v2\/pages\/401\/revisions"}],"wp:attachment":[{"href":"https:\/\/cidae.mx\/index.php?rest_route=%2Fwp%2Fv2%2Fmedia&parent=401"}],"curies":[{"name":"wp","href":"https:\/\/api.w.org\/{rel}","templated":true}]}}